{"id":60,"date":"2023-07-26T14:36:19","date_gmt":"2023-07-26T17:36:19","guid":{"rendered":"https:\/\/nomundodosrelogios.com.br\/?page_id=60"},"modified":"2023-07-26T17:03:59","modified_gmt":"2023-07-26T20:03:59","slug":"compre-conosco","status":"publish","type":"page","link":"https:\/\/nomundodosrelogios.com.br\/?page_id=60","title":{"rendered":"Compre conosco"},"content":{"rendered":"\n<figure class=\"wp-block-image size-large\"><img decoding=\"async\" loading=\"lazy\" width=\"1024\" height=\"356\" src=\"https:\/\/nomundodosrelogios.com.br\/wp-content\/uploads\/2023\/07\/Design-sem-nome-2-2-1024x356.png\" alt=\"\" class=\"wp-image-68\" srcset=\"https:\/\/nomundodosrelogios.com.br\/wp-content\/uploads\/2023\/07\/Design-sem-nome-2-2-1024x356.png 1024w, https:\/\/nomundodosrelogios.com.br\/wp-content\/uploads\/2023\/07\/Design-sem-nome-2-2-300x104.png 300w, https:\/\/nomundodosrelogios.com.br\/wp-content\/uploads\/2023\/07\/Design-sem-nome-2-2-768x267.png 768w, https:\/\/nomundodosrelogios.com.br\/wp-content\/uploads\/2023\/07\/Design-sem-nome-2-2-1536x533.png 1536w, https:\/\/nomundodosrelogios.com.br\/wp-content\/uploads\/2023\/07\/Design-sem-nome-2-2-2048x711.png 2048w\" sizes=\"(max-width: 1024px) 100vw, 1024px\" \/><\/figure>\n\n\n\n<p>A New Store \u00e9 uma loja online brasileira que nasceu da paix\u00e3o pelo universo dos rel\u00f3gios. <\/p>\n\n\n\n<p>Criada pelo empreendedor Felipe Newbold em 2016, com o prop\u00f3sito de suprir a car\u00eancia do mercado nacional de rel\u00f3gios su\u00ed\u00e7os e japoneses. Atualmente, ela possui o<strong> maior cat\u00e1logo nacional<\/strong> das principais marcas do mercado, incluindo Tissot, Hamilton, Longines, Victorinox, Mido, Certina, Citizen, Tudor, Seiko, Alpina, Montblanc, Oris, Luminox, Glycine, Tag Heuer, entre outras.<\/p>\n\n\n\n<p>O objetivo da New Store \u00e9 ser refer\u00eancia no mercado por meio de um atendimento humanizado, onde a equipe estreita la\u00e7os, esclarece d\u00favidas, realiza cota\u00e7\u00f5es e avalia modelos de forma personalizada. A loja tamb\u00e9m se preocupa em gerar confian\u00e7a nos clientes, oferecendo apenas rel\u00f3gios originais atrav\u00e9s de um trabalho impec\u00e1vel e cuidadoso. Al\u00e9m disso, a New Store busca ser pioneira no mercado de rel\u00f3gios online, mantendo-se sempre atualizada e informando sobre tudo que envolve o mundo dos rel\u00f3gios. A transpar\u00eancia \u00e9 outro valor fundamental na empresa, que busca ser honesta em todas as suas a\u00e7\u00f5es.<\/p>\n\n\n\n<p>Felipe Newbold, o fundador da New Store, acredita e segue esses objetivos diariamente, e agradece a todos os seus amigos e clientes por ajudarem a tornar a loja uma refer\u00eancia do segmento&nbsp;no&nbsp;Brasil.<\/p>\n\n\n\n<p>Para conhecer nosso cat\u00e1logo acesse nosso site clicando no bot\u00e3o abaixo:<\/p>\n\n\n\n<div class=\"wp-block-buttons is-layout-flex\">\n<div class=\"wp-block-button\"><a class=\"wp-block-button__link wp-element-button\" href=\"https:\/\/www.newstorerj.com.br\/\" target=\"_blank\" rel=\"noreferrer noopener\"><strong><mark style=\"background-color:rgba(0, 0, 0, 0)\" class=\"has-inline-color has-white-color\">Acessar site<\/mark><\/strong><\/a><\/div>\n<\/div>\n","protected":false},"excerpt":{"rendered":"<p>A New Store \u00e9 uma loja online brasileira que nasceu da paix\u00e3o pelo universo dos rel\u00f3gios. Criada pelo empreendedor Felipe Newbold em 2016, com o prop\u00f3sito de suprir a car\u00eancia do mercado nacional de rel\u00f3gios su\u00ed\u00e7os e japoneses. Atualmente, ela possui o maior cat\u00e1logo nacional das principais marcas do mercado, incluindo Tissot, Hamilton, Longines, Victorinox,&#8230;<\/p>\n","protected":false},"author":1,"featured_media":61,"parent":0,"menu_order":0,"comment_status":"closed","ping_status":"closed","template":"","meta":{"_monsterinsights_skip_tracking":false,"_monsterinsights_sitenote_active":false,"_monsterinsights_sitenote_note":"","_monsterinsights_sitenote_category":0},"aioseo_notices":[],"_links":{"self":[{"href":"https:\/\/nomundodosrelogios.com.br\/index.php?rest_route=\/wp\/v2\/pages\/60"}],"collection":[{"href":"https:\/\/nomundodosrelogios.com.br\/index.php?rest_route=\/wp\/v2\/pages"}],"about":[{"href":"https:\/\/nomundodosrelogios.com.br\/index.php?rest_route=\/wp\/v2\/types\/page"}],"author":[{"embeddable":true,"href":"https:\/\/nomundodosrelogios.com.br\/index.php?rest_route=\/wp\/v2\/users\/1"}],"replies":[{"embeddable":true,"href":"https:\/\/nomundodosrelogios.com.br\/index.php?rest_route=%2Fwp%2Fv2%2Fcomments&post=60"}],"version-history":[{"count":6,"href":"https:\/\/nomundodosrelogios.com.br\/index.php?rest_route=\/wp\/v2\/pages\/60\/revisions"}],"predecessor-version":[{"id":131,"href":"https:\/\/nomundodosrelogios.com.br\/index.php?rest_route=\/wp\/v2\/pages\/60\/revisions\/131"}],"wp:featuredmedia":[{"embeddable":true,"href":"https:\/\/nomundodosrelogios.com.br\/index.php?rest_route=\/wp\/v2\/media\/61"}],"wp:attachment":[{"href":"https:\/\/nomundodosrelogios.com.br\/index.php?rest_route=%2Fwp%2Fv2%2Fmedia&parent=60"}],"curies":[{"name":"wp","href":"https:\/\/api.w.org\/{rel}","templated":true}]}}