{"id":2,"date":"2023-07-21T16:42:28","date_gmt":"2023-07-21T19:42:28","guid":{"rendered":"http:\/\/nomundodosrelogios.com.br\/?page_id=2"},"modified":"2023-07-26T14:35:56","modified_gmt":"2023-07-26T17:35:56","slug":"pagina-exemplo","status":"publish","type":"page","link":"https:\/\/nomundodosrelogios.com.br\/?page_id=2","title":{"rendered":"Quem somos"},"content":{"rendered":"\n<p>Bem-vindo ao nosso blog de not\u00edcias sobre o <strong>mundo dos rel\u00f3gios<\/strong>! <\/p>\n\n\n\n<p>Aqui, somos apaixonados por compartilhar as \u00faltimas novidades, tend\u00eancias e hist\u00f3rias fascinantes relacionadas ao universo dos rel\u00f3gios.<\/p>\n\n\n\n<p>Nosso objetivo \u00e9 ser a principal fonte de informa\u00e7\u00f5es confi\u00e1veis e abrangentes para os entusiastas de rel\u00f3gios de todo o mundo. Atrav\u00e9s de uma equipe dedicada e especializada, buscamos trazer artigos aprofundados, an\u00e1lises detalhadas e cobertura de eventos relevantes do setor.<\/p>\n\n\n\n<p>Acreditamos firmemente na import\u00e2ncia de manter nossos leitores atualizados sobre as mais recentes inova\u00e7\u00f5es tecnol\u00f3gicas, designs inovadores, lan\u00e7amentos de marcas renomadas e colabora\u00e7\u00f5es exclusivas. Al\u00e9m disso, tamb\u00e9m exploramos a hist\u00f3ria e a heran\u00e7a dos rel\u00f3gios, destacando modelos ic\u00f4nicos e marcas tradicionais que moldaram a ind\u00fastria ao longo dos anos.<\/p>\n\n\n\n<p>Valorizamos a objetividade, a precis\u00e3o e a imparcialidade em nossas reportagens, garantindo que nossos leitores obtenham informa\u00e7\u00f5es confi\u00e1veis e precisas para tomar decis\u00f5es informadas sobre suas paix\u00f5es relojoeiras. Estamos comprometidos em oferecer uma experi\u00eancia de leitura envolvente e enriquecedora, com um conte\u00fado diversificado que atenda aos interesses de todos os amantes de rel\u00f3gios.<\/p>\n\n\n\n<p>Junte-se a n\u00f3s nesta jornada emocionante pelo mundo dos rel\u00f3gios, onde exploramos a arte, a engenharia e a hist\u00f3ria por tr\u00e1s desses fascinantes objetos de pulso. Estamos animados para compartilhar conhecimento, inspirar e conectar entusiastas desse mundo que somos fascinados.<\/p>\n","protected":false},"excerpt":{"rendered":"<p>Bem-vindo ao nosso blog de not\u00edcias sobre o mundo dos rel\u00f3gios! Aqui, somos apaixonados por compartilhar as \u00faltimas novidades, tend\u00eancias e hist\u00f3rias fascinantes relacionadas ao universo dos rel\u00f3gios. Nosso objetivo \u00e9 ser a principal fonte de informa\u00e7\u00f5es confi\u00e1veis e abrangentes para os entusiastas de rel\u00f3gios de todo o mundo. Atrav\u00e9s de uma equipe dedicada e&#8230;<\/p>\n","protected":false},"author":1,"featured_media":0,"parent":0,"menu_order":0,"comment_status":"closed","ping_status":"closed","template":"","meta":{"_monsterinsights_skip_tracking":false,"_monsterinsights_sitenote_active":false,"_monsterinsights_sitenote_note":"","_monsterinsights_sitenote_category":0},"aioseo_notices":[],"_links":{"self":[{"href":"https:\/\/nomundodosrelogios.com.br\/index.php?rest_route=\/wp\/v2\/pages\/2"}],"collection":[{"href":"https:\/\/nomundodosrelogios.com.br\/index.php?rest_route=\/wp\/v2\/pages"}],"about":[{"href":"https:\/\/nomundodosrelogios.com.br\/index.php?rest_route=\/wp\/v2\/types\/page"}],"author":[{"embeddable":true,"href":"https:\/\/nomundodosrelogios.com.br\/index.php?rest_route=\/wp\/v2\/users\/1"}],"replies":[{"embeddable":true,"href":"https:\/\/nomundodosrelogios.com.br\/index.php?rest_route=%2Fwp%2Fv2%2Fcomments&post=2"}],"version-history":[{"count":5,"href":"https:\/\/nomundodosrelogios.com.br\/index.php?rest_route=\/wp\/v2\/pages\/2\/revisions"}],"predecessor-version":[{"id":67,"href":"https:\/\/nomundodosrelogios.com.br\/index.php?rest_route=\/wp\/v2\/pages\/2\/revisions\/67"}],"wp:attachment":[{"href":"https:\/\/nomundodosrelogios.com.br\/index.php?rest_route=%2Fwp%2Fv2%2Fmedia&parent=2"}],"curies":[{"name":"wp","href":"https:\/\/api.w.org\/{rel}","templated":true}]}}